s 98 a factor of 73886?
False
Does 83 divide 2523449?
True
Is 12 a factor of 1380468?
True
Is 14 a factor of 84336?
True
Is 10 a factor of 853820?
True
Is 16275 a multiple of 25?
True
Is 21 a factor of 737478?
True
Is 270063 a multiple of 9?
True
Is 13 a factor of 3477110?
True
Does 66 divide 113425?
False
Is 44095 a multiple of 29?
False
Is 6694208 a multiple of 17?
False
Is 253 a factor of 28642458?
False
Is 32 a factor of 6767?
False
Is 57 a factor of 36708?
True
Does 13 divide 5527?
False
Is 249213 a multiple of 19?
False
Is 3925719 a multiple of 39?
False
Does 26 divide 2414829?
False
Is 669330 a multiple of 54?
True
Is 15 a factor of 11321925?
True
Does 24 divide 2099280?
True
Is 1720509 a multiple of 108?
False
Does 65 divide 15538205?
False
Is 3 a factor of 34491?
True
Does 10 divide 296106?
False
Does 10 divide 2945250?
True
Is 4487819 a multiple of 133?
True
Is 15610 a multiple of 446?
True
Is 450527 a multiple of 77?
True
Is 95480 a multiple of 20?
True
Is 161509 a multiple of 4?
False
Is 114 a factor of 1578038?
False
Is 3 a factor of 52497?
True
Does 90 divide 105930?
True
Is 10752040 a multiple of 65?
True
Is 264929 a multiple of 10?
False
Is 112 a factor of 2309664?
True
Is 8 a factor of 78344?
True
Does 11 divide 99264?
True
Does 111 divide 184417?
False
Is 27 a factor of 1205964?
False
Is 5263 even?
False
Does 16 divide 110224?
True
Is 12843411 a multiple of 210?
False
Is 10 a factor of 37060?
True
Is 5 a factor of 8656540?
True
Does 233 divide 2904269?
False
Is 16 a factor of 1307911?
False
Is 145 a factor of 1355915?
False
Is 4706208 a multiple of 26?
True
Is 7 a factor of 224544?
False
Is 1843496 a multiple of 43?
True
Is 1199123 a multiple of 176?
False
Is 211 a factor of 4560976?
True
Does 35 divide 101045?
True
Does 57 divide 91808?
False
Is 51428 a multiple of 46?
True
Does 282 divide 272412?
True
Is 4237087 a multiple of 586?
False
Is 60 a factor of 62520?
True
Is 389 a factor of 9765159?
False
Does 425 divide 200600?
True
Is 750176 a multiple of 28?
True
Is 239394 a multiple of 34?
True
Is 9 a factor of 47682?
True
Does 19 divide 1762638?
False
Does 70 divide 246190?
True
Is 30 a factor of 26310?
True
Is 4246532 a multiple of 68?
True
Is 11577 a multiple of 2?
False
Is 140160 a multiple of 11?
False
Is 243 a factor of 3037806?
False
Is 421515 a multiple of 15?
True
Is 402 a factor of 10681542?
True
Does 77 divide 9173626?
True
Is 227 a factor of 4669528?
False
Does 22 divide 778668?
True
Is 7 a factor of 16281?
False
Does 36 divide 453024?
True
Is 44 a factor of 4417468?
True
Does 466 divide 67856?
False
Does 39 divide 1166867?
False
Is 5622493 a multiple of 907?
True
Is 190 a factor of 81890?
True
Is 170 a factor of 7614130?
True
Is 6 a factor of 2188386?
True
Is 32 a factor of 755935?
False
Is 290 a factor of 2408450?
True
Is 29 a factor of 70050?
False
Does 73 divide 1532489?
True
Is 179832 a multiple of 2?
True
Does 38 divide 2747419?
False
Is 358329 a multiple of 31?
True
Is 4579533 a multiple of 1389?
True
Is 227701 a multiple of 109?
True
Does 158 divide 4589900?
True
Is 4004 a multiple of 14?
True
Is 347 a factor of 25731?
False
Is 4585683 a multiple of 18?
False
Does 97 divide 246859?
False
Is 8064397 a multiple of 18?
False
Does 96 divide 3820512?
True
Is 301 a factor of 7208186?
False
Does 179 divide 145654?
False
Does 11 divide 121836?
True
Does 472 divide 2473205?
False
Does 14 divide 773825?
False
Is 49 a factor of 1406721?
False
Is 50390 a multiple of 31?
False
Is 330645 a multiple of 47?
True
Is 2706816 a multiple of 128?
True
Is 118881 a multiple of 21?
True
Does 181 divide 889802?
False
Is 243 a factor of 5756582?
False
Is 2 a factor of 2032?
True
Does 340 divide 305660?
True
Does 19 divide 199937?
True
Does 99 divide 2711907?
True
Is 271417 a multiple of 67?
True
Does 43 divide 1588334?
True
Is 80830 a multiple of 118?
True
Does 9 divide 128880?
True
Does 25 divide 159600?
True
Is 11 a factor of 5948249?
False
Is 14 a factor of 29467?
False
Is 1386874 a multiple of 12?
False
Is 898932 a multiple of 138?
True
Is 487800 a multiple of 25?
True
Is 220 a factor of 71060?
True
Is 21 a factor of 5317752?
False
Is 1054 a factor of 4835725?
False
Is 31 a factor of 30702142?
False
Is 207971 a multiple of 3?
False
Is 20 a factor of 12592320?
True
Is 3 a factor of 113204?
False
Is 46134 a multiple of 99?
True
Does 124 divide 75490?
False
Is 85113 a multiple of 193?
True
Is 137 a factor of 209747?
True
Is 396 a factor of 27545988?
False
Does 53 divide 144640?
False
Is 2333212 a multiple of 53?
False
Is 44279 a multiple of 2?
False
Does 309 divide 134513?
False
Is 27 a factor of 186496?
False
Does 47 divide 4695535?
True
Is 106491 a multiple of 109?
False
Is 10 a factor of 157327?
False
Is 14 a factor of 2308427?
False
Is 1387780 a multiple of 20?
True
Does 19 divide 2582492?
False
Is 1836332 a multiple of 56?
False
Is 3556489 a multiple of 62?
False
Is 1442877 a multiple of 68?
False
Is 25 a factor of 5588993?
False
Is 1325162 a multiple of 279?
False
Is 2391693 a multiple of 27?
False
Does 18 divide 466668?
True
Is 14 a factor of 183890?
True
Is 46 a factor of 481206?
True
Is 8 a factor of 384251?
False
Is 2 a factor of 345499?
False
Does 14 divide 270116?
True
Does 81 divide 635472?
False
Does 182 divide 215670?
True
Is 72010 even?
True
Is 237 a factor of 3430583?
False
Does 56 divide 33096?
True
Is 2252070 a multiple of 1161?
False
Is 21 a factor of 4858857?
False
Is 36 a factor of 73294?
False
Is 7443 a multiple of 23?
False
Is 9 a factor of 490833?
True
Is 104250 a multiple of 3?
True
Is 2813568 a multiple of 128?
True
Is 214 a factor of 5452461?
False
Does 400 divide 145200?
True
Is 5 a factor of 75974?
False
Is 2042524 a multiple of 20?
False
Is 6309885 a multiple of 14?
False
Is 87 a factor of 2523696?
True
Does 129 divide 165894?
True
Does 16 divide 2839440?
True
Is 70 a factor of 132752?
False
Is 5676840 a multiple of 26?
True
Is 609 a factor of 102921?
True
Is 10 a factor of 1534772?
False
Is 15638 a multiple of 14?
True
Is 2068688 a multiple of 268?
False
Does 25 divide 4524?
False
Does 162 divide 232454?
False
Does 41 divide 233839?
False
Is 5752 a multiple of 593?
False
Is 252 a factor of 8923599?
False
Is 29153671 a multiple of 620?
False
Is 266 a factor of 293690?
False
Is 184 a factor of 972952?
False
Does 16 divide 779568?
True
Does 77 divide 366212?
True
Does 6 divide 4690?
False
Is 179475 a multiple of 3?
True
Is 12 a factor of 63228?
True
Does 263 divide 98193?
False
Is 272 a factor of 16160236?
False
Does 8 divide 1393890?
False
Does 29 divide 4306877?
True
Is 3848106 a multiple of 182?
False
Is 93883 a multiple of 63?
False
Is 10632 a multiple of 41?
False
Does 570 divide 10337776?
False
Does 78 divide 48282?
True
Is 345802 a multiple of 9?
False
Is 13 a factor of 301314?
True
Is 717147 a multiple of 9?
True
Is 21 a factor of 2841174?
True
Does 1921 divide 22934819?
True
Is 40 a factor of 1111598?
False
Is 23200 a multiple of 25?
True
Does 134 divide 5629916?
False
Is 33 a factor of 181236?
True
Is 90987 a multiple of 9?
False
Does 65 divide 186081?
False
Is 105 a factor of 59907?
False
Does 7 divide 1509944?
False
Is 83183 a multiple of 111?
False
Is 5958472 a multiple of 26?
True
Is 358 a factor of 1211114?
True
Does 420 divide 78540?
True
Does 10 divide 62210?
True
Is 22 a factor of 5287591?
False
Does 61 divide 329783?
False
Does 13 divide 17306?
False
Is 1836 a factor of 6139584?
True
Does 199 divide 1645133?
True
Does 761 divide 9826793?
True
Is 196 a factor of 108157?
False
Is 29 a factor of 44328?
False
Is 3749428 a multiple of 302?
False
Is 823025 a multiple of 28?
False
Is 174585 a multiple of 309?
True
Is 397 a factor of 5217388?
False
Is 318 a factor of 978804?
True
Is 142 a factor of 601533?
False
Is 68 a factor of 12996045?
False
Is 48 a factor of 2907157?
False
Is 22175 a multiple of 25?
True
Does 10 divide 6258?
False
Is 479792 a multiple of 20?
False
Does 189 divide 783216?
True
Is 529200 a multiple of 90?
True
Is 15 a factor of 320475?
True
Is 5584275 a multiple of 87?
False
Is 109 a factor of 11930711?
False
Is 8 a factor of 295815?
False
Is 7528141 a multiple of 94?
False
Is 9702 a multiple of 2?
True
Is 7276453 a multiple of 10?
False
Is 531 a factor of 297891?
Tr